 534?
False
Does 7 divide 2333?
False
Is 8240 a multiple of 38?
False
Does 18 divide 32040?
True
Does 5 divide 1165?
True
Is 2880 even?
True
Does 219 divide 66357?
True
Is 4863 a multiple of 69?
False
Is 10 a factor of 2760?
True
Is 53 a factor of 795?
True
Is 37 a factor of 2294?
True
Is 186 a factor of 55242?
True
Does 110 divide 24640?
True
Does 29 divide 456?
False
Does 18 divide 234?
True
Does 14 divide 1430?
False
Is 152 a factor of 2940?
False
Is 23 a factor of 6946?
True
Does 5 divide 610?
True
Is 7444 a multiple of 42?
False
Is 1952 a multiple of 8?
True
Is 465 a multiple of 20?
False
Is 135 a multiple of 7?
False
Is 9 a factor of 937?
False
Is 39 a factor of 1366?
False
Is 28 a factor of 476?
True
Is 17364 a multiple of 52?
False
Is 8 a factor of 740?
False
Is 26 a factor of 3146?
True
Is 1975 a multiple of 5?
True
Is 3 a factor of 232?
False
Is 1152 a multiple of 16?
True
Does 26 divide 1430?
True
Is 35 a factor of 2415?
True
Does 184 divide 7360?
True
Is 1996 a multiple of 68?
False
Does 218 divide 73030?
True
Is 10 a factor of 361?
False
Is 3017 a multiple of 122?
False
Is 41610 a multiple of 190?
True
Is 92 a factor of 7122?
False
Is 1044 a multiple of 58?
True
Is 10 a factor of 4990?
True
Does 94 divide 707?
False
Is 51 even?
False
Does 7 divide 193?
False
Is 19 a factor of 10080?
False
Does 4 divide 17257?
False
Is 5 a factor of 34733?
False
Does 18 divide 282?
False
Is 22 a factor of 14366?
True
Does 6 divide 3843?
False
Is 1072 a multiple of 8?
True
Does 14 divide 17724?
True
Is 130 a factor of 9386?
False
Is 9 a factor of 20071?
False
Is 568 a multiple of 4?
True
Is 14 a factor of 1809?
False
Is 5687 a multiple of 11?
True
Is 11 a factor of 55539?
True
Is 3672 a multiple of 17?
True
Does 10 divide 1845?
False
Is 3019 a multiple of 121?
False
Is 52132 a multiple of 13?
False
Does 4 divide 222?
False
Is 18 a factor of 5055?
False
Does 12 divide 1437?
False
Does 19 divide 6613?
False
Is 133 a factor of 931?
True
Is 101 a factor of 79565?
False
Is 22 a factor of 594?
True
Is 2796 a multiple of 47?
False
Does 117 divide 21100?
False
Is 27 a factor of 1512?
True
Is 3 a factor of 34?
False
Is 113 a factor of 1130?
True
Is 93 a factor of 6130?
False
Is 15 a factor of 1388?
False
Is 422 a multiple of 17?
False
Does 6 divide 959?
False
Is 15522 a multiple of 18?
False
Does 9 divide 209?
False
Is 24 a factor of 31483?
False
Does 14 divide 1078?
True
Is 12 a factor of 1368?
True
Is 13 a factor of 1076?
False
Is 981 a multiple of 29?
False
Is 10311 a multiple of 7?
True
Is 1312 a multiple of 24?
False
Is 169 a factor of 5746?
True
Does 121 divide 80885?
False
Is 3098 a multiple of 53?
False
Does 12 divide 1444?
False
Is 3 a factor of 258?
True
Is 3 a factor of 96?
True
Does 10 divide 5350?
True
Is 14075 a multiple of 25?
True
Is 1633 a multiple of 51?
False
Is 44958 a multiple of 79?
False
Does 45 divide 1833?
False
Does 58 divide 5510?
True
Is 10464 a multiple of 32?
True
Is 24 a multiple of 24?
True
Is 19180 a multiple of 14?
True
Is 2530 a multiple of 14?
False
Is 8061 a multiple of 53?
False
Is 4 a factor of 522?
False
Is 2298 a multiple of 33?
False
Is 11803 a multiple of 44?
False
Does 73 divide 407?
False
Is 126 a multiple of 13?
False
Is 10 a factor of 11055?
False
Is 78 a multiple of 26?
True
Does 14 divide 224?
True
Does 73 divide 14965?
True
Is 11 a factor of 50677?
True
Is 10 a factor of 11100?
True
Does 163 divide 64733?
False
Is 39 a multiple of 4?
False
Does 7 divide 1127?
True
Does 18 divide 12546?
True
Does 63 divide 4158?
True
Is 26 a factor of 71422?
True
Is 1595 a multiple of 2?
False
Is 6 a factor of 210?
True
Is 624 a multiple of 78?
True
Is 17917 a multiple of 7?
False
Does 49 divide 392?
True
Is 3 a factor of 6974?
False
Is 4770 a multiple of 18?
True
Is 2175 a multiple of 25?
True
Does 9 divide 13815?
True
Is 10 a factor of 4206?
False
Does 45 divide 953?
False
Is 12 a factor of 1096?
False
Is 19 a factor of 11333?
False
Is 49 a factor of 8160?
False
Does 64 divide 309?
False
Is 5 a factor of 1541?
False
Is 356 a multiple of 10?
False
Does 12 divide 962?
False
Is 3310 a multiple of 13?
False
Does 11 divide 1012?
True
Is 1692 a multiple of 9?
True
Is 6 a factor of 1698?
True
Is 1892 a multiple of 44?
True
Does 141 divide 6125?
False
Is 110 a factor of 18920?
True
Is 9 a factor of 3555?
True
Is 18493 a multiple of 223?
False
Is 10 a factor of 2763?
False
Does 61 divide 8294?
False
Does 22 divide 106186?
False
Does 5 divide 67?
False
Is 27 a factor of 5400?
True
Does 48 divide 25611?
False
Does 5 divide 1585?
True
Is 33 a factor of 6270?
True
Is 104 even?
True
Is 98 a factor of 19507?
False
Is 7 a factor of 279?
False
Does 16 divide 1193?
False
Does 31 divide 2759?
True
Does 185 divide 1295?
True
Is 18 a factor of 23194?
False
Is 68593 a multiple of 16?
False
Is 4525 a multiple of 50?
False
Is 5401 a multiple of 28?
False
Is 22 a factor of 35200?
True
Is 11448 a multiple of 24?
True
Does 3 divide 3?
True
Does 69 divide 1050?
False
Does 66 divide 2310?
True
Is 110 a multiple of 3?
False
Is 9424 a multiple of 19?
True
Is 20 a factor of 300?
True
Is 5 a factor of 23498?
False
Is 20 a factor of 36780?
True
Does 3 divide 12?
True
Is 28 a factor of 950?
False
Is 15758 a multiple of 28?
False
Does 62 divide 1957?
False
Is 87 a factor of 5496?
False
Does 15 divide 3093?
False
Does 77 divide 1611?
False
Does 21 divide 931?
False
Is 7 a factor of 28377?
False
Does 5 divide 136?
False
Is 12 a factor of 237?
False
Is 16 a factor of 11632?
True
Does 36 divide 32652?
True
Does 7 divide 13635?
False
Is 16 a factor of 42624?
True
Does 15 divide 6285?
True
Does 244 divide 12688?
True
Does 10 divide 270?
True
Is 32 a factor of 3968?
True
Is 46639 a multiple of 19?
False
Is 763 even?
False
Does 3 divide 7257?
True
Is 4664 a multiple of 22?
True
Does 169 divide 53457?
False
Is 12286 a multiple of 19?
False
Is 1715 a multiple of 109?
False
Does 35 divide 1026?
False
Is 38 a factor of 5966?
True
Does 4 divide 92?
True
Is 61 a factor of 1346?
False
Is 37 a factor of 2974?
False
Does 27 divide 498?
False
Is 53 a factor of 1651?
False
Is 311 a factor of 28256?
False
Is 921 a multiple of 16?
False
Is 21 a factor of 1674?
False
Does 32 divide 1496?
False
Does 9 divide 1080?
True
Is 30 a factor of 14246?
False
Is 87 a multiple of 5?
False
Is 1065 a multiple of 67?
False
Does 152 divide 31448?
False
Does 17 divide 1931?
False
Is 2466 a multiple of 11?
False
Is 5 a factor of 6749?
False
Is 6560 a multiple of 80?
True
Is 280 a multiple of 67?
False
Does 62 divide 18581?
False
Is 22282 a multiple of 26?
True
Is 440 a multiple of 88?
True
Does 13 divide 1327?
False
Is 475 a multiple of 41?
False
Is 1741 a multiple of 8?
False
Is 11 a factor of 27?
False
Does 8 divide 4411?
False
Is 6 a factor of 40?
False
Is 2210 a multiple of 130?
True
Does 105 divide 8501?
False
Is 7850 even?
True
Does 6 divide 227?
False
Is 34 a factor of 5338?
True
Is 12 a factor of 567?
False
Does 10 divide 1075?
False
Does 86 divide 11868?
True
Is 57 a factor of 1497?
False
Is 8640 a multiple of 12?
True
Is 9 a factor of 2078?
False
Is 19 a factor of 76950?
True
Is 141 a factor of 2397?
True
Does 13 divide 156?
True
Is 15 a factor of 915?
True
Is 11 a factor of 668?
False
Is 3 a factor of 31152?
True
Does 2 divide 119?
False
Is 1860 a multiple of 12?
True
Is 10437 a multiple of 73?
False
Is 2600 a multiple of 52?
True
Is 19142 a multiple of 34?
True
Is 598 a multiple of 13?
True
Does 2 divide 2171?
False
Is 6 a factor of 1622?
False
Is 30 a factor of 563?
False
Is 692 a multiple of 44?
False
Is 15 a factor of 765?
True
Does 15 divide 1063?
False
Is 1680 a multiple of 40?
True
Is 16 a factor of 448?
True
Is 1144 a multiple of 11?
True
Does 100 divide 1700?
True
Does 19 divide 458?
False
Is 76 a factor of 25764?
True
Is 2068 a multiple of 21?
False
Does 28 divide 56?
True
Does 112 divide 4792?
False
Is 2 a factor of 858?
True
Is 49601 a multiple of 113?
False
Is 1253 a multiple of 2?
False
Does 11 divide 43?
False
Is 104 a multiple of 4?
True
Is 515 a multiple of 13?
False
Is 22 a factor of 1201?
False
Does 7 divide 1568?
True
Is 465 a multiple of 10?
False
Does 12 divide 867?
False
Is 24 a factor of 48672?
True
Does 38 divide 4433?
False
Is 30 a factor of 2370?
True
Does 